Suppose 0 = o*a - 2*i - 141 - 1, 5*a + 2*i = 182. Calculate the greatest common factor of 324 and a.
36
Suppose -15*y = -17*y + 3*k + 6900, 17224 = 5*y - k. Calculate the greatest common factor of 28 and y.
28
Suppose -114*g + 10*g = -3477 - 17739. Calculate the highest common factor of 1377 and g.
51
Let o = -64 - -66. Suppose -202 + 34 = -o*u. Let h = u - 46. What is the highest common factor of 190 and h?
38
Suppose -130*s - 146*s = -258*s - 3654. Suppose 139 = 2*o - 93. What is the highest common divisor of s and o?
29
Suppose -77*j + 290958 = -16503. What is the greatest common divisor of 132 and j?
33
Suppose 0 = 5*n + 2*b - 16, 2*n - 3 + 5 = 2*b. Let z be 4 + (0 - 3) + 0. Calculate the highest common divisor of z and n.
1
Let s be -7 + (31 - (0 - 4)). Let r be 72/s*196/6. Calculate the greatest common divisor of r and 63.
21
Let b = 64160 + -15707. Calculate the highest common divisor of b and 31.
31
Suppose 57*j - 54*j = 15. Suppose 5*f - 5 = 0, -2*h + 20 + 33 = j*f. What is the highest common divisor of 32 and h?
8
Suppose -5*t + 35 = -70. Let p = -223 + 237. What is the highest common divisor of p and t?
7
Let s(d) = -3*d - 9. Let i be s(-8). Suppose -2*a = 0, -48*c - 1845 = -51*c + 2*a. What is the greatest common divisor of c and i?
15
Let o = 72 - 77. Let n be (-2)/(158/890 + 1/o). Let a = -70 + n. Calculate the greatest common divisor of 38 and a.
19
Suppose -6*r + 39 = -5*r. Suppose 13086 = -57*i + 16791. What is the greatest common factor of r and i?
13
Suppose 623*t = 12182092 + 11178539. What is the highest common factor of 87 and t?
87
Let f = -12604 + 13155. Calculate the highest common factor of f and 38.
19
Let w = 103 + -60. Suppose 85 = 7*b + 260. Let h = w + b. Calculate the greatest common factor of h and 9.
9
Let v = 14296 + -12180. Calculate the greatest common factor of v and 322.
46
Suppose 277*l - 4*o = 273*l + 172, -l + 4*o + 43 = 0. Calculate the greatest common divisor of 69 and l.
1
Suppose 2730 = -123*o + 133*o. What is the greatest common factor of 63 and o?
21
Let c = 10 - 6. Let z(o) = 3*o. Let k be z(c). Let a = -3686 + 3710. What is the highest common divisor of k and a?
12
Let k be 82 - -8*(-14 + 9 + 6). What is the greatest common divisor of k and 130?
10
Let b(y) = y**3 - 10*y**2 - 4*y - 31. Let l be b(12). Suppose 3*q - l = -4*g, q + q - 130 = -5*g. Calculate the highest common factor of 60 and q.
15
Let j(b) = -b + 7. Suppose i - 4*y = -y - 36, 4*i + 74 = -2*y. Let o = i - -26. Let x be j(o). What is the highest common factor of 22 and x?
2
Suppose g + g - 56 = 0. Let d = g + -30. Let a be (5 + d - -9) + -2. What is the greatest common divisor of a and 20?
10
Let o(j) = j**2 + 22*j + 6. Let s be o(-22). What is the highest common factor of 195 and s?
3
Let w = 5718 - 5620. What is the greatest common divisor of 3 and w?
1
Let h be (0 + 1)/(10/20). Suppose h*p - 65 = -3*p. Suppose 0 = 21*n + 4*n - 650. What is the highest common factor of n and p?
13
Suppose -64*x - 522522 = -150*x + 68*x. Calculate the greatest common factor of 319 and x.
319
Let a = 45 - -77. Suppose 0 = -3*u + a + 118. Let d be (-2*12/(-20))/(3/u). Calculate the greatest common divisor of d and 4.
4
Suppose -4*z = 6*b - 4278, 2*b - 399 = -4*z + 1035. What is the greatest common divisor of 3239 and b?
79
Suppose -4*q + 4 = v + v, 0 = -q - 3. Suppose -32*z + 30*z = -v. Suppose -350 = -5*j - 5*b, j + z*j - b = 338. Calculate the highest common divisor of 17 and j.
17
Let k = -29015 + 29036. What is the greatest common factor of k and 6538?
7
Let o be (2 + 148/(-14))*((14 - 0) + -133). What is the greatest common divisor of 120 and o?
60
Let d = -89 + 115. Let b = 43 + -31. Suppose 0 = -4*c + b, -2*u + 638 = 3*u - 4*c. What is the greatest common factor of u and d?
26
Suppose 373*g = 391*g - 64944. What is the greatest common divisor of 246 and g?
82
Let c = 6137 - 5776. What is the highest common divisor of c and 133?
19
Suppose 12 = -4*h, 24 = -2*s - 2*h + 26. What is the highest common divisor of s and 1446?
2
Let j be (56/3)/2*594/231. Let k(z) = 3*z + 6. Let a be k(6). Calculate the highest common factor of a and j.
24
Let h = -218 + 224. Let j(v) = -2*v + 5. Let k be j(4). Let r = 1 - k. What is the highest common divisor of h and r?
2
Let k = 1857 + -1861. Let z(d) = -1 + 8*d**2 + 0*d + 8*d + 4. Let n be z(k). Calculate the highest common factor of 11 and n.
11
Let b = 4 + 4. Suppose 0 + b = 4*n. Let p = -3871 + 3885. What is the greatest common divisor of p and n?
2
Suppose 4*l + 224 = -5*p + 8*p, 3*p + 2*l - 248 = 0. Calculate the highest common divisor of p and 470.
10
Suppose 40*x - 37*x + 3 = 0, 0 = -p + 4*x + 584. What is the greatest common factor of 740 and p?
20
Let m be 66/((-7)/(28/(-8))). Let x = m - -6. Let p be (276/(-336) + (-8)/(-14))*-12. Calculate the greatest common factor of x and p.
3
Let w(c) = 603*c**2 + 9*c - 4. Let b(o) = -o**3 - 9*o**2 + 20*o - 21. Let d be b(-11). Let q be w(d). Calculate the highest common divisor of q and 19.
19
Let n(k) = 12*k. Let z be n(6). Let h be (-2)/1 - z/(-12). Suppose 477 - 61 = h*c. What is the greatest common factor of 26 and c?
26
Suppose -5*b + 26325 = 5*r, 0*r + 5*b + 15771 = 3*r. What is the greatest common divisor of r and 6?
6
Let j(w) = -5108*w + 40. Let y be j(-1). What is the greatest common divisor of 66 and y?
66
Suppose -f - 3 = -7. Suppose 5*m - 36 = -f*l, 5*m - 2*m + 5*l = 32. What is the greatest common factor of m and 52?
4
Suppose 7562 = 5*c - g, -4*g + 1412 = c - 113. Calculate the highest common divisor of 34 and c.
17
Let h = 116 - 94. Calculate the greatest common factor of 4334 and h.
22
Let z(i) = i**3 - 13*i**2 - 4*i - 140. Let x be z(14). Suppose 7*j + 6*j - 689 = x. What is the highest common divisor of j and 159?
53
Suppose 0 = 3*x - 805 + 193. Let f = -287 + 299. What is the highest common factor of x and f?
12
Suppose 21*m - 3166 - 13822 - 27238 = 0. Calculate the highest common divisor of 270 and m.
54
Let p(k) = k**3 - 16*k**2 - 13*k + 9. Let z be p(17). Suppose z = -6*s + 149. Calculate the greatest common divisor of s and 1.
1
Suppose -b - 3*j = -j - 90, -2*b - j = -189. Let l = 1228 - 1100. Calculate the greatest common factor of l and b.
32
Let k be ((-5)/(-30)*15)/(3/6). Let f(i) = -12*i + 15. Let s be f(k). Let p = s - -63. Calculate the highest common factor of p and 45.
9
Let u be ((-106)/(-10) + -1)/((-174)/(-7395)). Calculate the greatest common factor of u and 5372.
68
Let t(m) = -6485*m**2 - 1. Let v be t(1). Let u be v/(-15) - 5 - 2/5. Let z be (-2)/(-11) + (u/11 - 0). Calculate the highest common divisor of 26 and z.
13
Let h(o) = o**3 - 64*o**2 + 315*o - 386. Let k be h(60). What is the greatest common factor of k and 51?
17
Suppose 7*c = -13*c - 9*c + 870. Calculate the highest common divisor of 20 and c.
10
Suppose -3*m + 92 = -28. Let v(i) = 8*i + 35. Let x be v(-3). Let y be (x + 1)/(6/4). Calculate the highest common divisor of m and y.
8
Let d = -10327 + 10838. What is the highest common factor of 438 and d?
73
Let k = -543 - -1658. Let a = -923 + k. Calculate the highest common divisor of 6 and a.
6
Let l = 33 - 15. Let b be (-29)/(-203) + (-1511)/(-7). Suppose -202*v + 226*v = b. What is the greatest common divisor of l and v?
9
Suppose 2*k = -2, 254*h = 250*h + 5*k + 5453. What is the highest common divisor of 18 and h?
6
Let q = -49 + 301. Let j be 139/2 + (-8)/16 + 3. Calculate the highest common divisor of j and q.
36
Suppose 1167 = 3*m - 160*z + 156*z, 5*m = -4*z + 1881. Calculate the greatest common factor of m and 2413.
127
Suppose 306*z + 27300 = 345*z. Calculate the greatest common factor of 1550 and z.
50
Let b = 16 - 13. Suppose 2*a = 8*a - 138. Suppose b*q = 2*s - s - a, 2*s - 46 = -3*q. Calculate the highest common divisor of s and 69.
23
Let z be (-2)/((-8)/162)*41/(738/120). What is the greatest common factor of 570 and z?
30
Let t(j) = 6*j + 30*j + j + 3. Suppose -2*u = -2 - 0. Let r be t(u). What is the highest common factor of 8 and r?
8
Suppose 5*b - 113 = -4*s, 4*s - 95 = -b + 14. Let h be ((-324)/15)/((-3)/75). Suppose 6*m - m - h = 0. Calculate the highest common factor of m and s.
27
Suppose -25*q + 24 = -76. Calculate the highest common divisor of 314 and q.
2
Let s(l) = -l**2 + 25*l - 14